r of 16 and 18984488.
8
Calculate the highest common divisor of 31 and 10795843.
31
What is the highest common factor of 3808 and 1617056?
224
Calculate the highest common factor of 164526 and 4080.
102
What is the highest common factor of 145 and 8005885?
145
What is the highest common factor of 6574671 and 1?
1
What is the greatest common divisor of 3877874 and 9802?
338
Calculate the greatest common divisor of 32514888 and 336.
168
What is the highest common divisor of 132 and 102063?
3
Calculate the greatest common divisor of 2127860 and 28.
28
Calculate the highest common factor of 210 and 25092690.
210
What is the highest common factor of 4240 and 82397510?
530
Calculate the highest common factor of 10 and 119348095.
5
What is the greatest common divisor of 184 and 7513433?
23
What is the greatest common factor of 702 and 132938?
26
Calculate the greatest common divisor of 223289386 and 218362.
9494
What is the highest common factor of 1325495520 and 15?
15
Calculate the greatest common factor of 17134 and 30524.
26
Calculate the highest common factor of 201510 and 890.
10
Calculate the highest common factor of 51 and 32889084.
51
Calculate the greatest common divisor of 3738234 and 39258.
4362
Calculate the greatest common factor of 344767 and 327.
109
Calculate the highest common factor of 21290 and 11781886.
4258
Calculate the highest common factor of 174 and 48181006.
58
Calculate the greatest common divisor of 182871 and 459.
27
Calculate the greatest common divisor of 1053758 and 19737.
43
Calculate the greatest common divisor of 659815 and 5135.
65
Calculate the highest common divisor of 33050 and 113547902.
1322
Calculate the highest common divisor of 1742198 and 146544.
142
What is the highest common factor of 98 and 4020106?
2
What is the greatest common divisor of 50258 and 18733?
13
What is the highest common divisor of 1369233 and 33066?
1503
What is the highest common factor of 303840 and 1962089?
211
What is the highest common divisor of 47375 and 15622759?
379
What is the greatest common divisor of 23490 and 2160461430?
7830
Calculate the highest common divisor of 21465 and 566595.
405
Calculate the highest common divisor of 2750 and 56088450.
550
What is the highest common divisor of 2523465798 and 42?
42
What is the greatest common factor of 3716232 and 7052?
172
What is the highest common factor of 3846 and 28974?
6
Calculate the greatest common divisor of 708522 and 1335777.
789
What is the greatest common factor of 107647650 and 9?
9
What is the greatest common divisor of 240 and 80583090?
30
Calculate the greatest common divisor of 343 and 3250758.
49
What is the highest common divisor of 434204 and 15768?
292
What is the greatest common divisor of 1848 and 7147448?
616
What is the highest common factor of 301007 and 952119?
49
Calculate the greatest common divisor of 49701685 and 220.
55
Calculate the highest common divisor of 856 and 16051712.
856
Calculate the greatest common factor of 526196053 and 71128.
8891
Calculate the greatest common factor of 25274984 and 1281.
427
Calculate the highest common factor of 376790 and 19926.
82
Calculate the highest common factor of 128819600 and 3328.
208
Calculate the greatest common divisor of 6431 and 7944901.
109
What is the highest common divisor of 478244 and 272714?
442
What is the greatest common factor of 813372 and 1022188?
1684
What is the highest common factor of 8689187 and 5122?
13
What is the greatest common factor of 25839150 and 306?
102
What is the highest common factor of 166708764 and 5676?
516
What is the highest common divisor of 17318 and 8057818?
2474
Calculate the greatest common factor of 43747097 and 97.
97
What is the greatest common divisor of 2790 and 74502?
18
What is the greatest common factor of 5004 and 1906?
2
What is the highest common divisor of 260 and 2305?
5
What is the greatest common divisor of 6612155 and 1610?
115
Calculate the highest common factor of 33535236 and 9576.
84
Calculate the greatest common factor of 4425988 and 644.
28
Calculate the highest common factor of 310320 and 16884.
36
What is the highest common factor of 23005 and 203764487?
4601
What is the highest common factor of 26734799 and 1246?
623
What is the highest common divisor of 356112 and 139056?
48
Calculate the greatest common factor of 800478 and 26635.
7
Calculate the greatest common factor of 676 and 4792388.
4
Calculate the greatest common factor of 952704 and 5789.
827
Calculate the highest common divisor of 9561162 and 390.
78
Calculate the highest common divisor of 70456347 and 9945.
1989
Calculate the greatest common divisor of 667604 and 33338.
422
What is the greatest common divisor of 2173 and 4764753?
53
What is the highest common factor of 24219936 and 992?
32
What is the greatest common divisor of 322 and 513758?
14
What is the highest common divisor of 28690 and 10578305?
755
Calculate the greatest common divisor of 31347 and 65.
1
Calculate the highest common factor of 147919578 and 27006.
3858
What is the greatest common factor of 253151 and 766249?
1699
What is the highest common divisor of 115396085 and 1190?
595
What is the highest common factor of 4662 and 192759?
21
Calculate the highest common factor of 1256555 and 85.
85
Calculate the highest common divisor of 9 and 63243513.
9
What is the highest common factor of 497900 and 16784975?
9575
What is the greatest common divisor of 5399865 and 670?
335
What is the greatest common divisor of 5303109 and 798?
399
Calculate the greatest common factor of 116844 and 357084.
1092
Calculate the greatest common divisor of 1017835 and 793520.
455
Calculate the greatest common factor of 23720 and 1222500.
20
Calculate the highest common divisor of 81745512 and 1488.
744
What is the greatest common divisor of 13616 and 201204?
92
Calculate the highest common factor of 123969 and 310159.
43
Calculate the greatest common divisor of 13133 and 30360.
23
What is the greatest common divisor of 48315 and 25695?
15
What is the highest common divisor of 9280636 and 1332?
148
Calculate the highest common divisor of 5975079 and 220.
11
Calculate the greatest common factor of 1339545150 and 450.
450
What is the highest common factor of 1108120 and 41080?
520
Calculate the highest common factor of 5926494 and 150.
6
Calculate the highest common divisor of 1028208009 and 366.
183
What is the highest common divisor of 171782754 and 4290?
858
What is the greatest common divisor of 29480891 and 158048?
4939
What is the highest common divisor of 14893292 and 136?
68
What is the highest common divisor of 26796 and 362307?
33
Calculate the highest common factor of 365188710 and 1725.
345
Calculate the greatest common factor of 453 and 140414447.
151
Calculate the greatest common divisor of 12 and 33635898.
6
Calculate the greatest common divisor of 3741283 and 48594.
91
Calculate the greatest common factor of 29534 and 73.
1
What is the greatest common factor of 1014 and 10739950?
338
Calculate the highest common factor of 574 and 11452462.
14
What is the greatest common factor of 43792508 and 1123?
1123
What is the greatest common divisor of 2893426509 and 4929?
4929
What is the greatest common factor of 132 and 163748904?
132
Calculate the highest common factor of 6286892 and 148.
148
What is the highest common factor of 12 and 2359446?
6
What is the highest common divisor of 144886 and 125926?
158
Calculate the highest common divisor of 606 and 311280.
6
What is the greatest common divisor of 6808 and 6256?
184
Calculate the greatest common divisor of 1984458 and 162393.
777
What is the highest common factor of 13595405 and 5?
5
Calculate the greatest common divisor of 49776 and 40872.
24
Calculate the highest common divisor of 791 and 829633.
7
Calculate the greatest common divisor of 39 and 3222076.
13
Calculate the greatest common divisor of 4424 and 22632631.
553
What is the greatest common divisor of 565856235 and 38180?
9545
Calculate the greatest common factor of 284493 and 5883.
111
What is the highest common factor of 6598278 and 1190?
34
What is the greatest common divisor of 46467132 and 3732?
3732
What is the highest common factor of 485744 and 5992?
56
Calculate the greatest common factor of 798234